 25. Let t be o(-5). List the prime factors of (t/25)/(-1)*35.
2, 7
Let o = -495 - -989. What are the prime factors of o?
2, 13, 19
Let s(t) = t**3 + 4*t**2 + 3*t + 2. Let p be s(-2). Let r be 0 - 1 - (-12)/p. What are the prime factors of (4/(-6))/(r/(-114))?
2, 19
Suppose -5*d + s + 2288 = -1975, -2*s = -2*d + 1702. List the prime factors of d.
853
Let n(t) = t - 3. Let i be n(-11). Let z = i - -15. Let d(p) = 33*p**3 - 2*p + 1. What are the prime factors of d(z)?
2
Suppose 33 + 22 = -2*w + 5*v, -15 = 5*v. What are the prime factors of (w/10)/((-11)/10 - -1)?
5, 7
Suppose -20*a - 5*k - 10747 = -23*a, -a + 5*k + 3599 = 0. What are the prime factors of a?
2, 1787
Suppose -7*y + 9 = -4*y. What are the prime factors of 1*(67 + -4)/y?
3, 7
Let k = -472 - -1018. List the prime factors of k.
2, 3, 7, 13
Let t = -25 - -27. Suppose -t*k - k - 2*p = -199, -5*p - 164 = -3*k. List the prime factors of k.
3, 7
Let y = -9 - -9. Suppose -91 = -t + 5*c + 57, 4*c = y. What are the prime factors of t?
2, 37
Suppose 0 = -4*a + 2*a + 16. Let s(j) = -3*j - 5 + 3 + a*j. What are the prime factors of s(2)?
2
Let s(z) = -z**3 + 13*z**2 - 5*z + 17. Let c be s(13). Let g = 86 + c. Suppose 0*r = -2*r + g. What are the prime factors of r?
19
Suppose -2538 = -3*u - 876. What are the prime factors of u?
2, 277
Let t = -46 + 33. Let r = t + 19. Suppose 0 = -4*g, -2*i + 11*g = r*g - 10. What are the prime factors of i?
5
Suppose 2*s - h = 2*h + 128, 4*h = 5*s - 313. List the prime factors of (4/(-4)*s)/(-1).
61
Let c(q) = -q**2 - 65*q + 102. What are the prime factors of c(-40)?
2, 19, 29
List the prime factors of (-101520)/(-208) - (-3)/(-39).
2, 61
Let a = 20 + -19. Let p be 49/28 + a/4. Suppose p*c - 12 = -0. List the prime factors of c.
2, 3
Let t(d) = 4*d**2 - 4*d - 14. What are the prime factors of t(5)?
2, 3, 11
Let h(q) = -46*q + 272. What are the prime factors of h(-8)?
2, 5
Suppose q - 2*q + 28 = -5*x, -5*x + 4 = 3*q. Let v be (-180)/(-16)*q/3. Let p = 75 - v. What are the prime factors of p?
3, 5
Suppose 20*i - 1796 = 16*i. What are the prime factors of i?
449
Let h(o) = -o**3 + 6*o**2 - 2*o - 5. Let b be h(5). Let k = b + -2. What are the prime factors of k?
2
Let p(b) = 15*b + 2*b - 4*b**2 + 5 + 2*b**2. Let x(v) = -v**2 + 16*v + 6. Let f(q) = 2*p(q) - 3*x(q). What are the prime factors of f(-11)?
5
Let y = 82 + -5. Suppose 6*s = -s + y. What are the prime factors of s?
11
Let l = 443 - -1348. What are the prime factors of l?
3, 199
Let x(b) = b**2 - 2*b + 1. Let p be x(0). What are the prime factors of ((-45)/(-10))/(p/2)?
3
Let t(v) be the second derivative of -7*v**5/20 - v**3/3 - 13*v**2/2 + 16*v. What are the prime factors of t(-3)?
2, 7, 13
Let g = 1470 - 960. List the prime factors of g.
2, 3, 5, 17
Let n(l) = -l**3 + 53*l**2 - 67*l - 100. What are the prime factors of n(51)?
5, 337
Let d(r) = r**3 - 6*r**2 - 14*r - 2. List the prime factors of d(9).
5, 23
Suppose -2*b = 3*b - 5100. What are the prime factors of b?
2, 3, 5, 17
Suppose 9*f = 4*f + 170. Let l be (-5)/20 + f/8. Let g(k) = k**3 - k**2 + 5*k - 1. List the prime factors of g(l).
67
Let u(s) = -s**3 - 14*s**2 - 2*s - 13. Let p be u(-14). Let n = p - 13. Suppose -q = -6*q + 3*y + 85, n*y + 38 = 2*q. List the prime factors of q.
2, 7
Let h(s) = -s + 120. Let r be h(-20). Suppose 5*p = 2*m + 181, 4*p + 84 - 545 = 5*m. Let t = m + r. What are the prime factors of t?
47
Let j(k) = k**3 - 9*k**2 + 6*k + 11. Let c be j(8). List the prime factors of 172*6/15 - c/25.
3, 23
Suppose -3*o + 3*v + 1 + 44 = 0, 2*o - 30 = v. Suppose -3*p - 3 = 0, 3*p + 4 = -i - o. What are the prime factors of (-68)/i - 3/12?
2
List the prime factors of 11*-795*33/(-55).
3, 11, 53
Let x(j) = -j**3 - 3*j**2 + 5*j + 1. Let w be x(-4). List the prime factors of 49 + w/((-3)/(-4)).
3, 5
Let b = -65 - -53. What are the prime factors of 80/b*174/(-8)?
5, 29
Suppose -2579 = -16*w + 3501. Suppose 28*b - w = 24*b. List the prime factors of b.
5, 19
Let l be ((-2)/(8/(-10)))/((-2)/4). Let b(v) = 2*v**2 - 4*v + 7. List the prime factors of b(l).
7, 11
Suppose 3*b = 2*x + 240, -b + 23 + 44 = -5*x. Suppose -2*w - 3*g + 60 = 0, 0 = 3*w - 4*g + 9 - b. List the prime factors of w.
3
Suppose 3*j - 5*j = 5*r - 220, 4*r = 2*j + 176. Let u be (r/12 - 3)*36. Suppose g = -g + u. What are the prime factors of g?
2, 3
Let d(n) = -5*n - 17 + 2 + 2*n**2 - n**2. What are the prime factors of d(-9)?
3, 37
Let b = 158 + 1062. What are the prime factors of b?
2, 5, 61
Suppose -14*n + 12*n = -1026. What are the prime factors of n?
3, 19
Suppose -o - 12 = -3*x - 2, -5*x = 3*o - 26. List the prime factors of 19 - (-6*1)/o.
2, 11
Suppose 0 = 10*y - 1256 - 944. List the prime factors of y.
2, 5, 11
Suppose -t = 1, -3*r + 0*r + t = -475. What are the prime factors of r?
2, 79
Let x(s) = -s + 1. Let q = 8 + -11. Let d be x(q). Let r(t) = t**3 - 5*t**2 + 6*t - 1. List the prime factors of r(d).
7
Suppose -217 = -5*r - 212, -2*r = n - 5589. List the prime factors of n.
37, 151
Let d = 2031 + -484. What are the prime factors of d?
7, 13, 17
Suppose 5*u = -3*j + 2*j + 35, 4*u + j = 27. Suppose -3*l = u*l - 3102. List the prime factors of l.
2, 3, 47
Suppose 8*x = 43 - 251. Let c = x - -265. What are the prime factors of c?
239
Let m(w) = w. Let f be m(12). Suppose -4*u = -o - 17, -u - 3*o + 0*o = f. Suppose 0 = -u*z + 6 + 75. List the prime factors of z.
3
Suppose -2*a + 208 + 277 = -x, 3 = -3*x. List the prime factors of a.
2, 11
Let p = 239 + 0. List the prime factors of p.
239
Suppose 4*s + 8 = -0*d + 3*d, 4*d - 2*s - 4 = 0. Let p be -3 + d + 0 + 3. Suppose 0 = -p*c + 2*c - 60. List the prime factors of c.
2, 3, 5
Let x(m) = -m**2 - 17*m + 2. Let c be x(-17). Suppose -3*s - 5*d + 647 = -4*d, -c*s + 442 = -2*d. What are the prime factors of s?
7, 31
Suppose -7478 - 1240 = -6*x. What are the prime factors of x?
1453
Suppose 5*c = 4*v - 2, 3*c = 4*v - 0*c - 6. Suppose -v*i = -4*q - 145, i + 5*q = -2 + 25. List the prime factors of i.
43
Suppose 0 = 4*o + 4*d + 40, 0*d + 2*d = 2*o + 16. Let j = o - -13. Suppose 46 = j*a + 2*w, -w + 45 = 4*a + 2*w. List the prime factors of a.
2, 3
Let u(n) = 5*n**3 + 2*n**2 + 2*n + 1. Let c be u(-1). Let o(d) = 4*d**2 + d - 5. Let g be o(c). List the prime factors of -4 + g/(-4 - -5).
3, 17
Let n(h) = h**2 - 2*h - 3. Suppose 0 = 4*c - g + 7, -4*c - 17 = -g + 2*g. Let r be n(c). Let a = 27 - r. List the prime factors of a.
3, 5
Suppose 2*x + 3*x + 25 = 0, 5*z = 4*x + 195. Suppose z + 237 = 4*y. List the prime factors of y.
2, 17
Suppose 3*g - 20*g + 9027 = 0. List the prime factors of g.
3, 59
Suppose 11*x - 5238 = 5223. What are the prime factors of x?
3, 317
Let s(w) = -w + 16. Let y be s(8). Suppose 9*r - 52 = y*r. What are the prime factors of r?
2, 13
Suppose w - 652 = -5*h, -41*w - h = -38*w - 1970. What are the prime factors of w?
3, 73
Let o be ((-4)/(36/(-21)))/(3/1188). What are the prime factors of ((-1)/(-3))/(3 + (-2768)/o)?
7, 11
Let k = -3081 + 4330. List the prime factors of k.
1249
Let o(j) = 27*j - 106. List the prime factors of o(20).
2, 7, 31
Let l = -162 - -69. What are the prime factors of 3/((-6)/(-4)) - l?
5, 19
Let g(o) = 246*o**2 - 44*o - 90. List the prime factors of g(-2).
2, 491
Suppose -18*j - 13*j + 7068 = 0. What are the prime factors of j?
2, 3, 19
Let s(k) = -k**3 - 4*k**2 - k - 3. Let j be s(-3). Let m = j + 9. Suppose 5*v - 143 - 17 = m. What are the prime factors of v?
2
Let c = 79 + -120. Let k = c - -43. What are the prime factors of k?
2
Let z = 626 + 758. List the prime factors of z.
2, 173
Suppose -9 = 3*v, -5*v - 4389 - 2518 = -4*f. What are the prime factors of f?
1723
Let k be ((-3)/(-2))/(16/(-1952)). Let v = k - -388. List the prime factors of v.
5, 41
Let u = 3 - -19. Let o be 4/22 - (-238)/u. Suppose -o = -y - 3. List the prime factors of y.
2
Let v(r) = -3*r**3 - 12*r**2 + 13*r + 5. Let i(n) = -10*n**3 - 37*n**2 + 40*n + 14. Let s(z) = 2*i(z) - 7*v(z). List the prime factors of s(-7).
7, 31
Let w(x) = -x**3 + 8*x**2 + 2*x - 12. Let s be w(8). Suppose 0 = -2*q + s, -2*d + 2*q = -3*q - 34. Let b = d + 18. What are the prime factors of b?
2, 5
Let m(p) = p**3 - p**2 - 5*p + 1. Let c be 1*-2 + 5 + 0. Suppose -3*k = -c*w + 22 + 5, 2*k + 2 = -2*w. List the prime factors of m(w).
29
Supp